18?
True
Is 212 a factor of 6307000?
True
Is 6556032 a multiple of 1008?
True
Is 16 a factor of 500560?
True
Does 2253 divide 8631243?
True
Is 26 a factor of 159388?
False
Is 6280122 a multiple of 125?
False
Is 18 a factor of 473814?
True
Is 876 a factor of 2143572?
True
Does 121 divide 11565785?
True
Is 1398471 a multiple of 28?
False
Is 265034 a multiple of 235?
False
Does 747 divide 16060500?
True
Is 33 a factor of 180574?
False
Is 72 a factor of 9222?
False
Is 245 a factor of 859938?
False
Is 1147875 a multiple of 25?
True
Is 7305768 a multiple of 198?
False
Is 5 a factor of 1973157?
False
Is 1754 a multiple of 2?
True
Is 290863 a multiple of 4?
False
Is 5338786 a multiple of 12?
False
Is 20 a factor of 667440?
True
Does 79 divide 472183?
True
Is 2039663 a multiple of 33?
False
Is 696373 a multiple of 29?
False
Does 5 divide 4316131?
False
Is 15 a factor of 235065?
True
Is 239375 a multiple of 25?
True
Is 796028 a multiple of 11?
False
Does 15 divide 86347?
False
Is 74 a factor of 694046?
True
Is 18 a factor of 296132?
False
Is 18 a factor of 1657566?
True
Does 89 divide 3859832?
False
Does 36 divide 193327?
False
Is 92 a factor of 76538?
False
Is 199857 a multiple of 7?
True
Is 75736 a multiple of 4?
True
Does 9 divide 1820057?
False
Is 2 a factor of 28667?
False
Is 5 a factor of 356355?
True
Is 160560 a multiple of 36?
True
Is 326269 a multiple of 4?
False
Is 6 a factor of 129408?
True
Is 59 a factor of 33972?
False
Is 436423 a multiple of 145?
False
Is 10 a factor of 3875975?
False
Is 57 a factor of 9722?
False
Is 184184 a multiple of 299?
True
Is 11 a factor of 1424931?
False
Is 38 a factor of 244720?
True
Is 300827 a multiple of 19?
True
Is 628 a factor of 13456784?
True
Does 288 divide 4919040?
True
Is 1737653 a multiple of 33?
False
Does 4 divide 5953733?
False
Is 7 a factor of 8611449?
True
Is 266471 a multiple of 29?
False
Is 51 a factor of 557889?
True
Is 16 a factor of 68317?
False
Is 110636 a multiple of 68?
True
Does 16 divide 3967344?
True
Is 35 a factor of 10222314?
False
Is 763385 a multiple of 994?
False
Is 537 a factor of 7566437?
False
Does 58 divide 473744?
True
Is 1197394 a multiple of 74?
True
Is 106 a factor of 664408?
True
Is 31903 a multiple of 8?
False
Does 24 divide 538837?
False
Does 539 divide 6456681?
True
Is 119 a factor of 483147?
False
Is 65 a factor of 3126156?
False
Does 10 divide 6726?
False
Is 85864 a multiple of 22?
False
Is 168 a factor of 105000?
True
Does 53 divide 899022?
False
Does 136 divide 200726?
False
Is 15 a factor of 145755?
True
Is 39 a factor of 975688?
False
Is 14 a factor of 959882?
True
Is 270794 a multiple of 71?
True
Is 358 a factor of 223536?
False
Is 9 a factor of 250047?
True
Is 55 a factor of 1384240?
True
Is 87 a factor of 8700?
True
Is 50748 a multiple of 78?
False
Is 30 a factor of 91946?
False
Does 7 divide 86925?
False
Is 262808 a multiple of 364?
True
Does 419 divide 1081858?
True
Is 10 a factor of 125620?
True
Is 41 a factor of 32716?
False
Is 131 a factor of 9134630?
True
Is 107 a factor of 632432?
False
Is 12 a factor of 146065?
False
Is 8 a factor of 5119896?
True
Is 258332 a multiple of 17?
True
Is 26 a factor of 465400?
True
Is 63 a factor of 612234?
True
Is 4272853 a multiple of 100?
False
Is 64 a factor of 297201?
False
Is 7 a factor of 224826?
True
Does 19 divide 319029?
True
Is 278760 a multiple of 184?
True
Does 1049 divide 10172652?
False
Does 102 divide 624444?
True
Is 7108441 a multiple of 739?
True
Is 244701 a multiple of 19?
True
Does 150 divide 4351050?
True
Does 3 divide 177643?
False
Is 5441235 a multiple of 15?
True
Does 85 divide 324360?
True
Is 18 a factor of 10446858?
True
Does 891 divide 5229716?
False
Is 127568 a multiple of 14?
True
Is 110 a factor of 63946?
False
Is 292 a factor of 3984632?
True
Is 4669056 a multiple of 126?
True
Is 134 a factor of 3049997?
False
Is 51 a factor of 5152770?
False
Does 7 divide 2144842?
True
Is 153571 a multiple of 20?
False
Is 116 a factor of 46297?
False
Is 21813 a multiple of 3?
True
Is 871221 a multiple of 39?
True
Is 601 a factor of 8070300?
False
Is 289845 a multiple of 137?
False
Is 294396 a multiple of 20?
False
Does 3 divide 644478?
True
Is 158534 a multiple of 235?
False
Is 5 a factor of 109985?
True
Is 1368951 a multiple of 160?
False
Is 8 a factor of 43178?
False
Does 4 divide 5478860?
True
Does 20 divide 78640?
True
Is 78 a factor of 10545744?
False
Is 8482516 a multiple of 50?
False
Does 583 divide 276919?
False
Is 7608 a multiple of 6?
True
Is 5459532 a multiple of 79?
True
Is 388637 a multiple of 17?
True
Is 569460 a multiple of 15?
True
Is 335 a factor of 26800?
True
Is 7 a factor of 11812?
False
Is 53851 a multiple of 10?
False
Is 3 a factor of 53112?
True
Is 5910924 a multiple of 12?
True
Does 16 divide 1064727?
False
Does 1080 divide 1714341?
False
Is 173606 even?
True
Is 907308 a multiple of 36?
True
Is 621072 a multiple of 15?
False
Is 4469061 a multiple of 23?
True
Does 10 divide 2767429?
False
Is 28808 a multiple of 104?
True
Is 499926 a multiple of 21?
True
Is 1958 a factor of 18441710?
False
Is 8839078 a multiple of 417?
False
Is 120408 a multiple of 232?
True
Is 3465238 a multiple of 574?
True
Is 430123 a multiple of 33?
False
Is 3968664 a multiple of 84?
True
Is 1251630 a multiple of 10?
True
Does 3 divide 128712?
True
Does 13 divide 233384?
False
Does 4 divide 626029?
False
Is 193 a factor of 2535261?
False
Does 19 divide 3892454?
True
Is 14 a factor of 300939?
False
Is 18173 a multiple of 6?
False
Does 21 divide 362313?
True
Is 45 a factor of 40815?
True
Does 276 divide 337894?
False
Does 130 divide 1225544?
False
Does 250 divide 3397165?
False
Is 1445 a multiple of 27?
False
Is 495 a factor of 4500540?
True
Is 1044900 a multiple of 10?
True
Is 26 a factor of 438594?
True
Is 6147525 a multiple of 225?
False
Does 19 divide 28904738?
True
Is 1015 a factor of 3175607?
False
Is 9 a factor of 945?
True
Is 33 a factor of 556083?
True
Is 7418480 a multiple of 20?
True
Is 22498 a multiple of 49?
False
Is 10 a factor of 9075705?
False
Does 101 divide 668721?
True
Does 175 divide 1527751?
False
Does 6 divide 113088?
True
Is 158 a factor of 341770?
False
Is 8 a factor of 1297200?
True
Does 109 divide 4407753?
False
Does 276 divide 10783044?
True
Is 2488069 a multiple of 181?
False
Is 1415780 a multiple of 290?
True
Is 21 a factor of 3948504?
True
Is 142 a factor of 10185262?
False
Is 81 a factor of 1701?
True
Is 19 a factor of 4471935?
True
Is 232 a factor of 6638349?
False
Does 45 divide 8865?
True
Is 235 a factor of 5821655?
True
Does 3 divide 558053?
False
Does 393 divide 229905?
True
Does 74 divide 474593?
False
Does 27 divide 1494651?
False
Is 65 a factor of 176855?
False
Does 363 divide 86346?
False
Is 134 a factor of 779746?
True
Is 614 a multiple of 2?
True
Is 54802 a multiple of 47?
True
Does 18 divide 27019?
False
Is 487 a factor of 230351?
True
Is 417 a factor of 4466070?
True
Is 111222 a multiple of 74?
True
Is 8 a factor of 55224?
True
Is 495180 a multiple of 270?
True
Is 14830562 a multiple of 7?
False
Is 321691 a multiple of 171?
False
Is 602 a factor of 1133566?
True
Is 15931538 a multiple of 13?
False
Is 43283 a multiple of 22?
False
Is 28 a factor of 22773576?
True
Is 216 a factor of 11411928?
True
Does 169 divide 3196590?
False
Does 55 divide 945371?
False
Is 767850 a multiple of 30?
True
Is 567542 a multiple of 188?
False
Is 495 a factor of 657360?
True
Is 87 a factor of 6694989?
False
Does 81 divide 534671?
False
Is 21828394 a multiple of 14?
True
Does 1106 divide 4389435?
False
Is 156970 a multiple of 83?
False
Does 27 divide 15238?
False
Does 17 divide 56559?
True
Does 20 divide 4120?
True
Is 37 a factor of 41773?
True
Does 17 divide 4621612?
False
Is 91443 a multiple of 33?
True
Does 7 divide 4427325?
True
Is 319 a factor of 5065082?
True
Is 116149 a multiple of 11?
True
Is 5451527 a multiple of 181?
False
Does 45 divide 768690?
True
Is 7 a factor of 185060?
False
Is 2000304 a multiple of 348?
True
Is 32997 a multiple of 12?
False
Is 355 a factor of 243175?
True
Does 33 divide 694721?
False
Is 4172610 a multiple of 507?
True
Is 32139 a multiple of 9?
True
Is 132 a factor of 7474227?
False
Is 8 a factor of 23954?
False
Is 18272 a multiple of 47?
False
Is 29 a factor of 